(-6)/4. List the prime factors of (f - 1) + a + 9.
2
Suppose 3*d - 8*d + 135 = 0. What are the prime factors of -8 + 11 + 1*d?
2, 3, 5
Let b be ((-5)/(-3))/(1/3). Suppose 20 = -b*r, 4*r - 24 = -2*z - 0*r. List the prime factors of z.
2, 5
Let d(h) = -3*h**3 + h**2 + 3*h + 3. Let n be d(3). Let l = -38 - n. List the prime factors of l.
2, 11
What are the prime factors of 0 - (-204)/3 - 4?
2
Suppose 7*u = 4*u - 12. What are the prime factors of (-63)/u + 6/24?
2
Suppose -5*c + 504 = -161. What are the prime factors of c?
7, 19
List the prime factors of (2256/(-64))/((-6)/16).
2, 47
Let n(l) be the first derivative of l**3/3 - l**2/2 + 2*l - 6. List the prime factors of n(2).
2
Suppose 2*h + 5 = 3*h, -3*a + 158 = -5*h. List the prime factors of a.
61
Let q(i) = 92*i**2 + 2*i + 1. Let l be q(-1). Let h = l - 57. What are the prime factors of h?
2, 17
Let t(a) = -3*a - 1. Let c(i) = 10*i + 3. Let b(o) = -2*c(o) - 7*t(o). Let y(j) = -7*j**3 - 1. Let s be y(-1). List the prime factors of b(s).
7
Let j = 1 - -1. Suppose 6*f - 2*f = -4*h + 16, -j*f + 32 = -4*h. List the prime factors of f.
2
Let j = 22 + 11. List the prime factors of j.
3, 11
Let u(l) = -l**3 + 4*l**2 + 3. Let y be u(4). Suppose -c = 1, -4*d + d - y*c = 0. Suppose 5*n - 32 = 4*j, -3*j = 4*n + 2*j - d. What are the prime factors of n?
2
Let x(f) = f**2 - f + 5. Let z be (-6)/15 + 4/10. List the prime factors of x(z).
5
Suppose -8 = -5*x - 28, 5*c + x - 331 = 0. What are the prime factors of c?
67
Let b be (0 + (-56)/(-2))*-1. Let n(s) = s**3 - 7*s**2 + 8*s - 4. Let k be n(5). Let t = k - b. List the prime factors of t.
2, 7
Let u(a) = -a**3 + 4*a**2 + 2*a + 1 + 3*a + a + 1. Suppose 0 = 5*f - 17 - 8. What are the prime factors of u(f)?
7
Suppose 0 = 4*h + 5*z + 4 + 1, -5*h = z - 20. Let q = 7 - h. Suppose -q*v + 8 = -v. List the prime factors of v.
2
Suppose 3*p - 120 = -3*w - p, -p + 173 = 4*w. List the prime factors of w.
2, 11
Suppose 2*k - 2*x - 42 = -3*k, -3*k + 50 = 5*x. Let s be k/(-45) - (-155)/9. Let f = s - 12. What are the prime factors of f?
5
Let j be (4 - 2)*6/3. Let o = j + 7. List the prime factors of o.
11
Let h(s) = s**3 - 12*s**2 + 14*s + 2. List the prime factors of h(11).
5, 7
Let a(f) = -f - 14. Let y be a(-10). Suppose -3 - 1 = 2*u. List the prime factors of (-1)/u - 30/y.
2
Suppose 5 + 7 = 4*j. What are the prime factors of j?
3
Suppose -1 = 3*i - 13, -v - 3*i = -66. List the prime factors of v.
2, 3
Suppose 1 = -0*z - z. Let x = 8 - z. Let m = x + -5. What are the prime factors of m?
2
Suppose 2*o - 41 = -3*g, 5*o - 34 = -3*g + 82. What are the prime factors of o?
5
Suppose 7 = d + 3*a, -3*a = -5*d + 22 - 5. Suppose -5*c + 137 = f - 87, d*c + 5*f - 175 = 0. What are the prime factors of c?
3, 5
What are the prime factors of 10/(-5) + -1 + 31?
2, 7
Suppose -6*k = -11 - 13. What are the prime factors of ((-1)/(-3))/(k/132)?
11
Suppose 35 = 8*x - 3*x. Let l = x + 7. Suppose 0*o = -2*o + l. What are the prime factors of o?
7
Suppose -5*c + m = 0, 5*m = -4*c - 0*c - 29. Let q be -1*(c + 2) - -10. What are the prime factors of 1/(12/q + -1)?
3
Suppose -1260 = 9*y - 16*y. What are the prime factors of y?
2, 3, 5
What are the prime factors of ((-4454)/(-85))/((-4)/(-10))?
131
Let i(k) be the third derivative of k**6/120 - k**5/20 + k**4/24 - k**3/6 + 2*k**2. Let u be i(2). Let h(x) = -2*x. List the prime factors of h(u).
2, 3
Suppose 2 - 6 = 4*u. Let f(s) = -7*s**3 + s**2. Let c be f(u). Suppose -2 = 2*d - c. What are the prime factors of d?
3
Let n be (10/4)/(2/4). Suppose -4*i + n*u = -23, -32 = -9*i + 4*i + 3*u. List the prime factors of i.
7
Let y(l) = -11*l + 69. What are the prime factors of y(-16)?
5, 7
Suppose -9*n - 450 + 2160 = 0. List the prime factors of n.
2, 5, 19
Suppose 0 = 5*l - 95 + 20. List the prime factors of l.
3, 5
Let l(d) = -6*d + 3. Let j be 2/(-8) - (-30)/(-8). Let v be l(j). Suppose 4*t = v - 7. List the prime factors of t.
5
Suppose 3*c - 4*o = 8*c - 11, -18 = -5*c + 3*o. Suppose -u - 2 = -4. Suppose 0 = a + 3*z - 22, -u*a + c*z = a - 18. List the prime factors of a.
2, 5
Suppose 3*f = 5*f - 18. What are the prime factors of f?
3
Let m be (-2)/4 + 5/(-2). Let f be (-81)/(-6)*-2 + 3. List the prime factors of m/2*f/9.
2
Suppose t - 5*t = -3*b + 643, -5*b + 3*t + 1057 = 0. What are the prime factors of b?
11, 19
Let k(i) = -31*i + 1. What are the prime factors of k(-2)?
3, 7
Let u = 0 - -27. Let v be (-1)/(-3) + 122/3. Let r = v - u. List the prime factors of r.
2, 7
Let i(w) = 5*w - 8. Let n(k) = -3*k + 3*k + 3*k - 8 + k. Let b(s) = -5*i(s) + 6*n(s). List the prime factors of b(-12).
2
Suppose 5*t - t - 12 = 0. Suppose 3*d + 18 = 3, -t*q + 21 = 3*d. List the prime factors of q.
2, 3
Suppose -2*p = -7*p + 180. List the prime factors of p.
2, 3
Let c be -1 + 5/(5/56). Suppose -c = -4*f - 3. List the prime factors of f.
13
Let n be (-7)/(-5) - (-14)/(-35). What are the prime factors of (3 - n)/((-6)/(-63))?
3, 7
Let b(c) = -c**3 + c. Let d be b(0). Suppose 8*r - 6*r = 128. Suppose 4*y = -d*y + r. List the prime factors of y.
2
Let p be 18/10 - (-3)/15. Suppose -1 = p*v - g, g = -3*v - 3*g + 26. Suppose -v*x + 49 = -5*o, -6 = 3*x + 5*o - 17. List the prime factors of x.
2, 3
Suppose -i + 5 = 1. List the prime factors of i/(8/(-52)*-1).
2, 13
Let s(m) be the first derivative of -2*m**2 - 1 - 6*m - 1 + 1 + m**2. What are the prime factors of s(-6)?
2, 3
Suppose -9 = 3*x - 5*q + 17, 2*q - 58 = 4*x. Let g = -8 - x. List the prime factors of g.
3
Let n(v) = v**3 - 5*v**2 + 4*v. Let f(q) = -q - 2. Let r be f(-6). Let j be n(r). List the prime factors of j + (2 - 1)*6.
2, 3
Let i = 8 + -6. Suppose 7*m - 3*m = 5*a - 86, 3*a - 34 = -i*m. What are the prime factors of a?
2, 7
Let n = -1 - -2. Suppose -2*o - w = 3, 2*w = 3*o + w + 7. List the prime factors of -2 - (n - -11)/o.
2
Let l(q) be the third derivative of -q**6/120 - q**5/60 - q**4/24 - 47*q**3/6 - q**2. Let o be l(0). Let t = -26 - o. List the prime factors of t.
3, 7
List the prime factors of 2/10 + 5709/55.
2, 13
Let m = 46 + -32. What are the prime factors of m?
2, 7
Let j(z) = z + 6. Let t be j(-6). Suppose -4*f - 5 = 5*a + f, t = a + 4*f + 10. What are the prime factors of a?
2
What are the prime factors of (3 - -1) + -3 - -33?
2, 17
List the prime factors of 272/5 - 18/45.
2, 3
Let q(o) = -o**3 - 6*o**2 + 9*o + 11. Let t be q(-7). List the prime factors of (-298)/(-6) + (-1)/t.
2, 5
Let l be 1 - ((-6)/(-3) + -2). Let a be l/(-3) - (-2)/6. Suppose -r + g = 0, -2*r - 8 = -a*g - 4*g. What are the prime factors of r?
2
Let k = -5 - -5. Let c(j) = j + 15. What are the prime factors of c(k)?
3, 5
Let h(a) = -14*a - 44. List the prime factors of h(-12).
2, 31
Let k(r) = -8*r + 1. Let j be k(-7). Suppose -5*d + j = -3. What are the prime factors of d?
2, 3
Let p be (-6)/(-4)*(-6)/(-9). Suppose 0 = 5*j - 9 - p. Let l(x) = x**2 + x - 1. List the prime factors of l(j).
5
Let n = -4 + 19. List the prime factors of n.
3, 5
Let j(l) = 16*l**3 - 11*l**2 - 10*l - 10. Let s(y) = 3*y**3 - 2*y**2 - 2*y - 2. Let n(i) = 2*j(i) - 11*s(i). List the prime factors of n(-2).
2, 3
Suppose -2*x + 8 = l - 2, 5*x - 25 = -3*l. Let d(y) = -y**2 + y + 8. Let h be d(l). What are the prime factors of (-2)/4*-2 + h?
3
Suppose 3*c - 5*c - 68 = 4*x, 46 = -2*x - 4*c. Let l = -12 - x. What are the prime factors of l?
3
Suppose -o + s + 11 = 0, 5 = s - 6*s. Suppose -2 = 2*p + o. List the prime factors of p/(-4)*(-4)/(-3).
2
Let q be (3/(-9))/(1/(-147)). Let v = q - 22. List the prime factors of v.
3
Suppose -5*t - 42 = -6*t. List the prime factors of t.
2, 3, 7
Suppose 5*n - 10 = 5. Suppose -h + 5*a - 1 = -n, -3*a - 10 = -5*h. What are the prime factors of h?
2
Suppose -5*d + 5*a - 185 = -8*d, 4*d = -5*a + 240. List the prime factors of d.
5, 11
Let i = 4 - 0. Let s be (2/i)/((-1)/(-8)). Suppose 4 + 4 = s*h. List the prime factors of h.
2
Suppose 24 = 3*a + 5*x - 30, 0 = 3*x + 9. What are the prime factors of a?
23
Suppose 2*q - 4*w - 103 = 29, 4*w = -4*q + 204. What are the prime factors of q?
2, 7
Let q(l) = l**3 - l**2 - 10*l - 5. List the prime factors of q(5).
3, 5
List the prime factors of 20 + 3 - 24/(-6).
3
Suppose 0 = -4*i - 3 - 25. Let h = -13 - i. Let d = h + 21. What are the prime factors of d?
3, 5
Suppose -2*w + 5